divided by 249?
10
Calculate the remainder when 457 is divided by 42.
37
Calculate the remainder when 59 is divided by 38.
21
Calculate the remainder when 27 is divided by 15.
12
What is the remainder when 110 is divided by 18?
2
Calculate the remainder when 197 is divided by 29.
23
What is the remainder when 11281 is divided by 434?
431
Calculate the remainder when 293 is divided by 21.
20
Calculate the remainder when 81 is divided by 24.
9
What is the remainder when 77 is divided by 32?
13
Calculate the remainder when 5333 is divided by 97.
95
What is the remainder when 209 is divided by 9?
2
What is the remainder when 946 is divided by 130?
36
Calculate the remainder when 333 is divided by 39.
21
Calculate the remainder when 1794 is divided by 62.
58
Calculate the remainder when 329 is divided by 34.
23
What is the remainder when 1710 is divided by 35?
30
What is the remainder when 56509 is divided by 64?
61
What is the remainder when 320 is divided by 143?
34
What is the remainder when 717 is divided by 16?
13
What is the remainder when 355 is divided by 114?
13
Calculate the remainder when 1075 is divided by 30.
25
What is the remainder when 1503 is divided by 116?
111
Calculate the remainder when 47 is divided by 7.
5
Calculate the remainder when 45 is divided by 32.
13
Calculate the remainder when 356 is divided by 21.
20
Calculate the remainder when 263 is divided by 218.
45
What is the remainder when 424 is divided by 56?
32
Calculate the remainder when 66 is divided by 28.
10
Calculate the remainder when 2093 is divided by 28.
21
Calculate the remainder when 699 is divided by 16.
11
What is the remainder when 457 is divided by 23?
20
What is the remainder when 534 is divided by 243?
48
Calculate the remainder when 361 is divided by 43.
17
What is the remainder when 2125 is divided by 106?
5
Calculate the remainder when 1542 is divided by 103.
100
Calculate the remainder when 302 is divided by 116.
70
What is the remainder when 205 is divided by 19?
15
What is the remainder when 3087 is divided by 256?
15
Calculate the remainder when 2378 is divided by 28.
26
Calculate the remainder when 2265 is divided by 27.
24
What is the remainder when 20381 is divided by 258?
257
Calculate the remainder when 1403 is divided by 139.
13
What is the remainder when 317 is divided by 80?
77
What is the remainder when 140 is divided by 74?
66
Calculate the remainder when 1095 is divided by 361.
12
Calculate the remainder when 251 is divided by 64.
59
Calculate the remainder when 244 is divided by 19.
16
What is the remainder when 297 is divided by 107?
83
What is the remainder when 686 is divided by 62?
4
What is the remainder when 316 is divided by 17?
10
What is the remainder when 244 is divided by 31?
27
What is the remainder when 1070 is divided by 76?
6
What is the remainder when 235 is divided by 107?
21
Calculate the remainder when 3545 is divided by 1.
0
What is the remainder when 531 is divided by 66?
3
Calculate the remainder when 9 is divided by 2.
1
What is the remainder when 1963 is divided by 24?
19
Calculate the remainder when 886 is divided by 148.
146
What is the remainder when 890 is divided by 39?
32
What is the remainder when 567 is divided by 274?
19
Calculate the remainder when 1798 is divided by 36.
34
Calculate the remainder when 718 is divided by 72.
70
Calculate the remainder when 201 is divided by 17.
14
Calculate the remainder when 3361 is divided by 116.
113
Calculate the remainder when 1753 is divided by 583.
4
Calculate the remainder when 336 is divided by 13.
11
What is the remainder when 330 is divided by 114?
102
Calculate the remainder when 86 is divided by 39.
8
Calculate the remainder when 8965 is divided by 76.
73
What is the remainder when 216 is divided by 13?
8
Calculate the remainder when 1451 is divided by 362.
3
Calculate the remainder when 212 is divided by 191.
21
What is the remainder when 292 is divided by 60?
52
What is the remainder when 18966 is divided by 102?
96
What is the remainder when 1610 is divided by 80?
10
What is the remainder when 209 is divided by 30?
29
What is the remainder when 272 is divided by 21?
20
What is the remainder when 245 is divided by 58?
13
What is the remainder when 78 is divided by 23?
9
Calculate the remainder when 983 is divided by 58.
55
What is the remainder when 569 is divided by 43?
10
What is the remainder when 31 is divided by 17?
14
Calculate the remainder when 299 is divided by 38.
33
What is the remainder when 4339 is divided by 26?
23
What is the remainder when 6389 is divided by 9?
8
What is the remainder when 216 is divided by 44?
40
Calculate the remainder when 1868 is divided by 931.
6
Calculate the remainder when 63 is divided by 16.
15
Calculate the remainder when 63 is divided by 39.
24
What is the remainder when 16325 is divided by 18?
17
What is the remainder when 280 is divided by 71?
67
What is the remainder when 118 is divided by 24?
22
Calculate the remainder when 3006 is divided by 125.
6
Calculate the remainder when 687 is divided by 134.
17
What is the remainder when 302 is divided by 76?
74
What is the remainder when 587 is divided by 12?
11
Calculate the remainder when 949 is divided by 56.
53
Calculate the remainder when 19 is divided by 5.
4
Calculate the remainder when 210 is divided by 72.
66
Calculate the remainder when 635 is divided by 31.
15
What is the remainder when 526 is divided by 44?
42
Calculate the remainder when 16768 is divided by 78.
76
What is the remainder when 2270 is divided by 35?
30
Calculate the remainder when 29139 is divided by 10.
9
Calculate the remainder when 251 is divided by 23.
21
What is the remainder when 118 is divided by 6?
4
Calculate the remainder when 124 is divided by 23.
9
What is the remainder when 1896 is divided by 945?
6
Calculate the remainder when 550 is divided by 24.
22
What is the remainder when 489 is divided by 62?
55
Calculate the remainder when 263 is divided by 77.
32
What is the remainder when 432 is divided by 5?
2
What is the remainder when 36 is divided by 15?
6
Calculate the remainder when 45 is divided by 24.
21
What is the remainder when 143 is divided by 42?
17
Calculate the remainder when 82 is divided by 24.
10
Calculate the remainder when 112 is divided by 24.
16
Calculate the remainder when 165 is divided by 52.
9
Calculate the remainder when 993 is divided by 204.
177
What is the remainder when 77 is divided by 17?
9
Calculate the remainder when 108 is divided by 8.
4
What is the remainder when 507 is divided by 20?
7
Calculate the remainder when 99 is divided by 25.
24
What is the remainder when 17 is divided by 9?
8
Calculate the remainder when 707 is divided by 89.
84
What is the remainder when 91 is divided by 64?
27
Calculate the remainder when 685 is divided by 310.
65
Calculate the remainder when 141 is divided by 12.
9
Calculate the remainder when 258 is divided by 89.
80
What is the remainder when 1445 is divided by 4?
1
Calculate the remainder when 983 is divided by 16.
7
Calculate the remainder when 188 is divided by 94.
0
What is the remainder when 282 is divided by 13?
9
What is the remainder when 221 is divided by 32?
29
Calculate the remainder when 544 is divided by 281.
263
What is the remainder when 6845 is divided by 274?
269
Calculate the remainder when 156 is divided by 101.
55
Calculate the remainder when 6640 is divided by 13.
10
Calculate the remainder when 349 is divided by 113.
10
What is the remainder when 299 is divided by 55?
24
What is the remainder when 2364 is divided by 14?
12
What is the remainder when 222 is divided by 57?
51
What is the remainder when 279 is divided by 66?
15
What is the remainder when 1510 is divided by 66?
58
Calculate the remainder when 597 is divided by 25.
22
Calculate the remainder when 12933 is divided by 56.
53
What is the remainder when 630 is divided by 58?
50
What is the remainder when 49 is divided by 14?
7
Calculate the remainder when 21835 is divided by 140.
135
Calculate the remainder when 3582 is divided by 40.
22
What is the remainder when 593 is divided by 41?
19
Calculate the remainder when 49 is divided by 10.
9
Calculate the remainder when 4157 is divided by 175.
132
What is the remainder when 46 